se
Is 2551349 composite?
False
Is 22669142 composite?
True
Is 25753697 a composite number?
True
Is 787973 composite?
False
Is 4889867 prime?
False
Is 69482527 prime?
False
Is 699189047 prime?
True
Is 164784149 prime?
True
Is 676762433 a prime number?
True
Is 1096097 a composite number?
False
Is 2346089 composite?
False
Is 1025389 a composite number?
True
Is 2309202329 a prime number?
False
Is 935413 composite?
False
Is 768979 a prime number?
True
Is 1085293 prime?
False
Is 1029037 a prime number?
True
Is 24261997 composite?
False
Is 3952819 a composite number?
True
Is 1994159 composite?
True
Is 75127 composite?
True
Is 220901561 a composite number?
True
Is 3986611 composite?
False
Is 1189553 a composite number?
False
Is 2545759 prime?
True
Is 250891741 a prime number?
True
Is 4471807 prime?
False
Is 26522273 a prime number?
True
Is 13349209 prime?
True
Is 76325011 a composite number?
True
Is 23752117 a composite number?
False
Is 30442307 a prime number?
False
Is 231350237 a composite number?
False
Is 58168919 composite?
False
Is 42288497 prime?
True
Is 41247571 prime?
True
Is 23697851 composite?
False
Is 287118239 a prime number?
False
Is 633296435 a composite number?
True
Is 965681 composite?
True
Is 150551 a prime number?
True
Is 2938571 composite?
False
Is 863801 prime?
True
Is 16276079 a prime number?
True
Is 367597 composite?
False
Is 3298481 a composite number?
False
Is 590489 prime?
True
Is 121572893 a prime number?
False
Is 2420349 prime?
False
Is 29945413 composite?
False
Is 59045101 composite?
True
Is 297493069 a prime number?
True
Is 25353373 a composite number?
False
Is 86148781 a prime number?
False
Is 25906646 a composite number?
True
Is 767243 a composite number?
False
Is 24608301 a prime number?
False
Is 36127441 prime?
False
Is 79962019 a prime number?
False
Is 22806389 a prime number?
True
Is 484377919 a prime number?
True
Is 8447029 prime?
True
Is 88639981 a prime number?
False
Is 45969739 prime?
True
Is 23309249 composite?
False
Is 3423191 prime?
True
Is 237403501 prime?
True
Is 21496309 a prime number?
True
Is 10694813 prime?
False
Is 59927401 a composite number?
True
Is 5890813 composite?
False
Is 35850058 a prime number?
False
Is 55064021 a composite number?
False
Is 110129093 a composite number?
False
Is 35619317 composite?
False
Is 792689 a prime number?
True
Is 816649 prime?
True
Is 2661457 composite?
False
Is 10098241 prime?
True
Is 6213187 a composite number?
True
Is 6957091 composite?
False
Is 360515503 composite?
True
Is 2123359 composite?
True
Is 545963699 a prime number?
True
Is 2484507 composite?
True
Is 6426077 prime?
False
Is 1003611151 a prime number?
False
Is 269017 composite?
True
Is 3832723 composite?
False
Is 2748139 a prime number?
False
Is 104427586 a composite number?
True
Is 4718477 composite?
False
Is 88424911 a composite number?
True
Is 14374403 a prime number?
True
Is 1407101 prime?
True
Is 6644621 prime?
True
Is 36674647 a composite number?
True
Is 1079611 a prime number?
False
Is 40127879 a composite number?
True
Is 133413607 prime?
True
Is 35894849 prime?
False
Is 1683169 a composite number?
False
Is 106832247 a prime number?
False
Is 2772041 composite?
False
Is 9508561 a composite number?
False
Is 22134451 composite?
False
Is 84558703 a composite number?
True
Is 166233521 a composite number?
False
Is 13998381 a prime number?
False
Is 11986733 prime?
False
Is 3574609 a composite number?
False
Is 36010487 a composite number?
False
Is 226041397 prime?
True
Is 70005707 prime?
True
Is 3879269 composite?
False
Is 4745869 a composite number?
False
Is 43711214 prime?
False
Is 73522597 composite?
False
Is 33041509 a composite number?
False
Is 494333699 prime?
True
Is 8882297 prime?
True
Is 4412977 composite?
False
Is 3716567 composite?
False
Is 4865123 prime?
True
Is 359850509 prime?
False
Is 143010859 a composite number?
False
Is 118207279 a composite number?
False
Is 296798197 a composite number?
False
Is 15011219 prime?
True
Is 3788929 a composite number?
False
Is 42577501 composite?
False
Is 66582749 prime?
True
Is 147193679 prime?
False
Is 7215941 a prime number?
True
Is 2632541 composite?
True
Is 32427359 prime?
True
Is 18620201 prime?
True
Is 1924781 composite?
False
Is 13256749 prime?
False
Is 131205703 a composite number?
True
Is 1232368205 prime?
False
Is 96594983 a composite number?
False
Is 6272713 composite?
True
Is 124924859 a composite number?
True
Is 424553 composite?
True
Is 11361043 a prime number?
True
Is 8799467 composite?
True
Is 42391733 a prime number?
True
Is 32690069 prime?
False
Is 6015833 a prime number?
True
Is 54065707 a composite number?
False
Is 5125837 a prime number?
False
Is 196414409 prime?
True
Is 2684587 composite?
False
Is 294299 prime?
False
Is 10154653 a composite number?
False
Is 280956541 a prime number?
False
Is 709081 prime?
False
Is 1811473 a prime number?
True
Is 1211563 composite?
False
Is 32474779 a composite number?
True
Is 16095311 composite?
True
Is 44586163 composite?
False
Is 647564419 a composite number?
False
Is 3119329 prime?
False
Is 1935014 prime?
False
Is 2159147 prime?
True
Is 588859223 a composite number?
False
Is 484591477 a composite number?
True
Is 182754739 a prime number?
True
Is 171937945 prime?
False
Is 171914329 a composite number?
True
Is 9821011 composite?
True
Is 433762097 prime?
True
Is 86636089 prime?
True
Is 745988189 a composite number?
False
Is 5122751 a composite number?
True
Is 211219907 composite?
True
Is 2070947 a prime number?
True
Is 1064741 composite?
True
Is 902602 a prime number?
False
Is 518717 a composite number?
False
Is 23018063 prime?
False
Is 34631 a prime number?
True
Is 60590213 prime?
False
Is 18715051 a composite number?
False
Is 67247 a prime number?
True
Is 138242497 composite?
True
Is 1371063 prime?
False
Is 3332579 prime?
True
Is 1449361 composite?
False
Is 152683954 a prime number?
False
Is 112402721 a composite number?
False
Is 300090649 a composite number?
True
Is 183431 composite?
True
Is 157585721 prime?
True
Is 14936807 prime?
True
Is 762221 a prime number?
False
Is 3371 a composite number?
False
Is 55501829 prime?
False
Is 11806433 a composite number?
True
Is 35645213 a prime number?
True
Is 871889 composite?
True
Is 28423713 prime?
False
Is 139810163 a composite number?
True
Is 10025957 a composite number?
True
Is 1154549 composite?
True
Is 2000527 a prime number?
False
Is 146939011 composite?
False
Is 1627091881 a prime number?
True
Is 240511 prime?
False
Is 70739107 composite?
False
Is 2474651 a prime number?
True
Is 1180087 a prime number?
True
Is 241833607 composite?
False
Is 12315629 prime?
False
Is 21717557 a composite number?
True
Is 56559227 a prime number?
True
Is 30535409 composite?
False
Is 12017741 a composite number?
False
Is 107138921 composite?
False
Is 178460671 composite?
False
Is 26774639 composite?
False
Is 728653 composite?
True
Is 249821081 composite?
True
Is 361460753 a prime number?
True
Is 207167 a composite number?
True
Is 41324989 a prime number?
True
Is 1068857 prime?
True
Is 67152637 a prime number?
True
Is 72849817 a composite number?
False
Is 24300859 a composite number?
True
Is 4510651 a composite number?
False
Is 28094971 composite?
False
Is 122773 prime?
False
Is 18383801 composite?
False
Is 86608109 prime?
False
Is 897931 composite?
False
Is 39883709 prime?
True
Is 214851811 prime?
True
Is 131146651 a composite number?
False
Is 15220241 a prime number?
True
Is 2138061 a prime number?
False
Is 6545597 a composite number?
True
Is 580373 a prime number?
True
Is 35510693 prime?
False
Is 2997881 a prime number?
False
Is 181806391 a composite number?
True
Is 145980199 composite?
False
Is 3509641 a composite number?
True
Is 96468747 a prime number?
False
Is 2144951 prime?
True
Is 270120607 composite?
True
Is 848879 prime?
True
Is 16517607 a prime number?
False
Is 719794487 a composite number?
True
Is 70859609 composite?
False
Is 4457029 composite?
True
Is 173070501 prime?
False
Is 24904963 prime?
False
Is 73625059 a composite number?
False
Is 2486945 prime?
False
Is 90733765 a composite number?
True
Is 3816889 a prime number?
False
Is 12392477 prime?
False
Is 34221329 a composite number?
False
Is 3731461 a composite number?
False
Is 33596701 a prime number?
True
Is